y ((-6)/(-5))/((-15)/m)?
4
Let x = -346 + 345. What is the remainder when (x/(-4))/(20/18320) is divided by 58?
55
What is the remainder when 1157 is divided by (610/20 + -30)/(1/166)?
78
Let f = -690 + 697. Suppose 8 = u - 4*z, -u - f + 17 = -2*z. What is the remainder when u is divided by 11?
1
Calculate the remainder when 3211 is divided by (-1 - 1)*105/(-30).
5
Suppose 4 = -6*u + 8*u. Suppose 5*i = u*h + 617, h + 128 = i - 4*h. What is the remainder when i is divided by 21?
18
Suppose -4*k - 51 = -n, -4*n + 3*k = 74 - 343. What is the remainder when 989 is divided by n?
66
Suppose 9*q + 9*q - 702 - 900 = 0. What is the remainder when q is divided by (-7)/((-14)/30) - -1?
9
Suppose -68*l + 20*l + 5989 = -5291. What is the remainder when l is divided by 43?
20
Suppose -10*z + 3435 - 2485 = 0. Calculate the remainder when 472 is divided by z.
92
Suppose -3*h = -5*w - 289, 0 = h + w - 10 - 73. What is the remainder when 526/(6*9/54) is divided by h?
86
Suppose -1285 = -3*p - 4*x, 5*x = -4*p + 2*x + 1704. What is the remainder when p is divided by 39?
33
Suppose 10 = -0*u + 5*u. Suppose -u*g + 3*j = -3, -3*g - 5*j = -2*g + 5. Suppose 8*k - 13*k + 195 = g. Calculate the remainder when 75 is divided by k.
36
Let y(i) = 9*i + 2. Suppose -79*b = -87*b - 344. What is the remainder when y(3) is divided by 5 + (8/36 - b/9)?
9
Suppose 55 + 518 = 10*c + 93. What is the remainder when 10361 is divided by c?
41
Let d be (-2 - (-75)/(-12)) + (-6)/(-24). Let k = d + 18. Suppose 29 = 3*s - i - 40, s = -4*i + k. What is the remainder when 42 is divided by s?
20
Let m = -34082 - -34153. Let u = -209 + 408. What is the remainder when u is divided by m?
57
Let q = 130 + -130. Suppose -7 + 0 = -3*n - z, q = 2*n + 3*z - 7. Let t(x) = -x**3 + 5*x**2 + 8*x + 1. What is the remainder when t(6) is divided by n?
1
Suppose -3*f + 612 = -4*r, 0 = -2*r - 3*r - 3*f - 765. Let p = -140 - r. Calculate the remainder when 190/3 + (-7)/21 is divided by p.
11
Suppose -2422 = -5*b + 1248. Suppose -170 = -q - 3*d, 0 = 3*q - d + 204 - b. Suppose -4*f + q = -0*f. What is the remainder when 218 is divided by f?
42
Suppose -4*p + 258 = -5*n + 89, -n - 42 = -p. Suppose 20*a = p*a - 168. What is the remainder when (-89)/(-3) + (-4)/6 is divided by a?
5
Let z = 693 - 691. Suppose z*x - 5*v - 145 = 740, 2235 = 5*x - 5*v. Calculate the remainder when x is divided by 41.
40
Suppose -82*j - 48*j + 7548 = 92*j. What is the remainder when 129 is divided by j?
27
Suppose -c + 1603 = 6*c. Suppose -c + 27 = -2*t. Let p = t - 82. Calculate the remainder when p is divided by 7.
5
Let i = 1248 + -1202. Let b = -15 - -55. What is the remainder when i is divided by b?
6
Let u(v) = -813*v - 3862. What is the remainder when 6088 is divided by u(-5)?
201
Let p be -1 + 358/8*4. Let l = -172 + p. Calculate the remainder when l is divided by 3.
0
Let n(j) = -2*j + 4. Let x be n(-6). Let o = 33 - x. Suppose 5*w + 4*f = 327, -4*w + 24*f - 21*f = -274. Calculate the remainder when w is divided by o.
16
Let j = -366 - -523. Calculate the remainder when j is divided by (0 - 4)*4*(24 + -26).
29
Suppose 29*p = -68 + 213. Calculate the remainder when -7 - -242 - (-1 - p) is divided by 62.
55
Suppose 827 - 10079 = -316*y + 4336. What is the remainder when 84 is divided by y?
41
Let z = 45 + 15. Suppose 5*k = -5*j + 65, z = 5*k - k + 2*j. Calculate the remainder when 695 is divided by k.
15
Let n(o) = -3*o - 29. Let y be n(-10). Let c = y + 3. Suppose 4*x - 2*d - 3*d - 166 = 0, 0 = c*x + 2*d - 152. Calculate the remainder when x is divided by 14.
11
Suppose -2*h - 5*s = 3*h - 350, -4*s = -4*h + 296. What is the remainder when h is divided by 35 - (5 + (-68)/12)*(-5 - 7)?
18
Let v(l) = 22*l - 6. Let j = 5 - 1. Calculate the remainder when v(j) is divided by (2/12*-29)/(5/(-30)).
24
What is the remainder when 7958 is divided by (4 - 0)*(30 - (1 + 19))?
38
Let q(a) = -a**3 - a**2 + a. Let z be q(1). Let f(s) = -47*s. Let i(m) = 46*m - 1. Let y(r) = -4*f(r) - 5*i(r). What is the remainder when y(z) is divided by 7?
5
What is the remainder when (-2)/4*17*(-38 - -12038)/(-12) is divided by 218?
216
Let h(g) = 44*g**2 - 13*g - 88. What is the remainder when h(-17) is divided by 27?
24
Suppose 5*a - 3*r - 1085 = 0, -5*a - 2*r + 622 = -438. Let i = -198 + a. Calculate the remainder when 59 is divided by i.
11
Let c = -8142 - -8836. Calculate the remainder when c is divided by 197.
103
Let o be -4 - (3/3 + -4). Let v be 0/(-1) - 2 - (o - 6). Suppose -v*l + 14 = -6. Calculate the remainder when l is divided by 1.
0
Let v(q) = -115*q + 35. Let p(f) = f - 3. Let c(y) = -2*p(y) - v(y). Calculate the remainder when c(3) is divided by 78.
76
Let a be (-4)/16 - (-2034)/8. Let v = a + -137. Calculate the remainder when v is divided by 60/3*(-4 - 77/(-14)).
27
Let x(u) = 18*u**2 - 62*u + 195. Calculate the remainder when x(3) is divided by 35.
31
Suppose y - k - 149 = 0, -6*k - 236 + 62 = -y. Calculate the remainder when 158 is divided by y.
14
Suppose 14674 - 6559 + 19709 = 188*m. What is the remainder when m is divided by 77?
71
Suppose -27*j + 3168 = -7011. Let m = -334 + j. What is the remainder when 170 is divided by m?
41
Calculate the remainder when ((2 - (-7187 + 1)) + -3)*3/9 is divided by 141.
139
Suppose 25*g + 3125 - 225 = 0. Let k = g + 241. What is the remainder when k is divided by 6?
5
Suppose 4*r + 3*t - 44 = 0, -2*t + 96 = 8*r + 2*t. Suppose 4*w - 282 = -2*a + a, -281 = -a - 3*w. What is the remainder when a is divided by r?
12
Suppose -2*v - 5*q = -204, 0 = 3*v + 2*v - 2*q - 510. Suppose -2*b - 2*h + 122 = 0, -5*b = -h - 210 - 83. What is the remainder when v is divided by b?
43
Let p(l) = 27*l**2 + 29*l - 219. What is the remainder when p(-10) is divided by 100?
91
Let v = 16458 - 16295. What is the remainder when 284 is divided by v?
121
Let b be (-52 - -363)*-1*1. Let v = -284 - b. Let i = 12 - -2. What is the remainder when v is divided by i?
13
Suppose u - 31 = 88. Suppose -2*g - u = 2*d + 3*g, -3*d - 3*g - 174 = 0. Let i = 87 + d. Calculate the remainder when i is divided by 7.
2
Let l(u) = u**3 + 2*u**2 + 5*u + 3. Suppose 2*i = -0*i + 6. What is the remainder when l(i) is divided by (-8)/20*45/(-1)?
9
Suppose -32 = 15*o - 17*o. Suppose -209*w = -214*w + 6125. Calculate the remainder when o is divided by (-8)/18 - w/(-225).
1
Let y be (-117)/((54/60)/3) + 4. Let t = y - -406. Let x = 66 - 29. What is the remainder when x is divided by t?
17
Suppose 0 = -2*i + 10, 10*p = 5*p + i + 30. Suppose -p*k + 19*k = 156. Calculate the remainder when 50 + (1 - 6/2) is divided by k.
9
Suppose 3*y + 4*k = -8 + 1866, -5*y - 3*k = -3115. Calculate the remainder when y is divided by 300.
26
Let g(j) = 12*j**2 + 81*j - 7. What is the remainder when 888 is divided by g(-7)?
6
Suppose 0 = 2*k - 100 - 32. Let o be (22728/90)/(-4) - 4/(-30). Let r = k + o. Calculate the remainder when 33 is divided by r.
0
Suppose -o = -c - 4, -3*c - 2*c = 0. Let f(r) = 8*r**2 - 10*r. Calculate the remainder when 261 is divided by f(o).
85
Suppose -2*k = x + x - 562, -2*x + 574 = -2*k. What is the remainder when -1*x*9/(-36) is divided by 20?
11
Let c = 853 - 1468. Let d = c - -189. What is the remainder when 77 is divided by (-8)/(-36) + d/(-27)?
13
Let g(t) = -4*t + 1. Let u be g(-2). Suppose -u*v + 108 = 9*v. Let f(o) = o + 33. What is the remainder when f(0) is divided by v?
3
Let g be 7/7*(-9 - -43). Suppose 3*j - 49 = c, g = 11*j - 9*j - 2*c. Calculate the remainder when 205 is divided by j.
13
Calculate the remainder when ((-2)/3)/(2/(-615)) is divided by (-81)/135 - (4 - (-640)/(-25)).
16
Suppose -110*a + 3520 + 2750 = 0. Calculate the remainder when 104 is divided by a.
47
Suppose 16*j = 3*j + 26. Suppose 0 = -0*p + j*p - 82. What is the remainder when p is divided by 14?
13
Suppose 3 + 11 = 7*g. Suppose 4*b - 4*d - 20 = b, -20 = -4*b + g*d. Suppose 136 = 3*i + i. Calculate the remainder when i is divided by b.
2
Suppose 0*w = -7*w + 3444. Let x = w - 341. Calculate the remainder when x is divided by 19.
18
Let r be (30/(-4))/(22/44). What is the remainder when 80 is divided by (-76)/(-5)*r/(-6)?
4
Let t be 66/11*(-2 - -5). Suppose 14 = 2*s + t*v - 22*v, s - 5*v - 7 = 0. What is the remainder when 18 is divided by s?
4
Let f(v) = -112*